51 a prime number?
False
Is 1045331 prime?
False
Is 519769 a prime number?
True
Is 3859 a composite number?
True
Is 154667 prime?
True
Is 271003 prime?
True
Is 5847 a prime number?
False
Is 61861 composite?
False
Is 12829 prime?
True
Is 984109 composite?
True
Is 66083 prime?
True
Is 168323 a composite number?
False
Is 141509 prime?
True
Is 2459 composite?
False
Is 2885 a composite number?
True
Is 208381 composite?
True
Is 176683 prime?
False
Is 75611 a prime number?
True
Is 1528715 prime?
False
Is 201233 composite?
False
Is 76801 composite?
False
Is 73727 composite?
False
Is 29663 a prime number?
True
Is 81763 a composite number?
True
Is 8003 a composite number?
True
Is 56387 a prime number?
False
Is 132239 prime?
False
Is 1285 composite?
True
Is 697 a composite number?
True
Is 95917 a composite number?
False
Is 5758 a composite number?
True
Is 3407 a composite number?
False
Is 1861649 a prime number?
True
Is 8563 a prime number?
True
Is 297097 a prime number?
True
Is 183437 prime?
True
Is 202381 prime?
True
Is 194 prime?
False
Is 251 a composite number?
False
Is 243365 a prime number?
False
Is 55231 prime?
False
Is 95507 composite?
False
Is 295663 a prime number?
True
Is 1271471 a prime number?
True
Is 39815 a prime number?
False
Is 4507 a prime number?
True
Is 1441 a prime number?
False
Is 116339 composite?
True
Is 182165 prime?
False
Is 173003 a composite number?
True
Is 104399 a prime number?
True
Is 1318987 prime?
True
Is 40897 composite?
False
Is 65177 composite?
True
Is 91619 a prime number?
False
Is 496187 a composite number?
False
Is 777215 a prime number?
False
Is 21311 composite?
True
Is 131059 a composite number?
False
Is 8663 a composite number?
False
Is 60493 prime?
True
Is 97771 a prime number?
True
Is 701 a composite number?
False
Is 4049 composite?
False
Is 73201 a prime number?
False
Is 72139 prime?
True
Is 7451 prime?
True
Is 119201 composite?
True
Is 57895 a prime number?
False
Is 20341 a prime number?
True
Is 1637357 composite?
False
Is 53231 composite?
False
Is 153107 prime?
True
Is 57329 prime?
True
Is 274759 prime?
False
Is 1694338 composite?
True
Is 102965 a prime number?
False
Is 401433 a prime number?
False
Is 16222 a composite number?
True
Is 4597 a prime number?
True
Is 45295 a prime number?
False
Is 56102 a prime number?
False
Is 4417 prime?
False
Is 5557 a prime number?
True
Is 2315567 prime?
True
Is 716563 a composite number?
False
Is 246439 a prime number?
True
Is 2119 prime?
False
Is 3468689 a composite number?
True
Is 453287 prime?
False
Is 16143 a composite number?
True
Is 298909 a composite number?
True
Is 83209 composite?
True
Is 11579 prime?
True
Is 1693 a composite number?
False
Is 828277 a composite number?
False
Is 215849 composite?
True
Is 2449 a prime number?
False
Is 745 prime?
False
Is 148793 a prime number?
True
Is 80167 a prime number?
True
Is 72263 a prime number?
False
Is 1002845 prime?
False
Is 443 a composite number?
False
Is 21713 a prime number?
True
Is 243731 prime?
False
Is 51771 a prime number?
False
Is 261673 composite?
False
Is 488841 prime?
False
Is 438803 composite?
True
Is 3641 a composite number?
True
Is 18509 prime?
False
Is 10007 a composite number?
False
Is 36109 a prime number?
True
Is 3639 a composite number?
True
Is 366193 prime?
True
Is 1711 a composite number?
True
Is 168433 prime?
True
Is 48957 composite?
True
Is 277813 a composite number?
False
Is 311153 composite?
False
Is 3409 a composite number?
True
Is 25819 composite?
False
Is 48979 a prime number?
False
Is 118831 a composite number?
False
Is 207637 a composite number?
True
Is 553 prime?
False
Is 58189 composite?
False
Is 762187 composite?
False
Is 128213 a prime number?
True
Is 64154 prime?
False
Is 81457 composite?
False
Is 100199 prime?
False
Is 2103 prime?
False
Is 12667 a prime number?
False
Is 38783 prime?
True
Is 107489 composite?
True
Is 234647 a prime number?
False
Is 194531 composite?
True
Is 10637 composite?
True
Is 35671 prime?
True
Is 26339 composite?
False
Is 223157 a prime number?
False
Is 1154 composite?
True
Is 58 prime?
False
Is 40553 a composite number?
True
Is 41651 composite?
False
Is 7283 a composite number?
False
Is 55987 composite?
False
Is 8221 a composite number?
False
Is 56647 prime?
False
Is 2159 a prime number?
False
Is 22105 composite?
True
Is 583 a prime number?
False
Is 9007 a prime number?
True
Is 50017 prime?
False
Is 4861 composite?
False
Is 55439 a composite number?
False
Is 15241 prime?
True
Is 388923 prime?
False
Is 21467 prime?
True
Is 13963 prime?
True
Is 931453 a prime number?
False
Is 2485293 prime?
False
Is 3359 composite?
False
Is 13709 composite?
False
Is 3683 a prime number?
False
Is 5393261 a composite number?
False
Is 57569 composite?
True
Is 3545 prime?
False
Is 1467493 prime?
True
Is 15787 a prime number?
True
Is 139483 prime?
True
Is 35719 composite?
True
Is 2161 a prime number?
True
Is 46439 a composite number?
False
Is 3455 a composite number?
True
Is 1502 composite?
True
Is 181429 composite?
True
Is 13259 composite?
False
Is 202123 a composite number?
True
Is 86863 a prime number?
False
Is 1478353 prime?
True
Is 1657 a composite number?
False
Is 27598 composite?
True
Is 242315 prime?
False
Is 1293161 a prime number?
False
Is 18973 composite?
False
Is 1673167 a prime number?
True
Is 135241 prime?
True
Is 6521 composite?
False
Is 25489 prime?
False
Is 2705 a composite number?
True
Is 107563 a composite number?
False
Is 7477 composite?
False
Is 6197 a composite number?
False
Is 6731 a composite number?
True
Is 225889 a prime number?
True
Is 172997 a composite number?
True
Is 134 a prime number?
False
Is 34981 a composite number?
False
Is 7741 a composite number?
False
Is 498661 prime?
False
Is 76559 a composite number?
True
Is 55001 a composite number?
False
Is 33559 a composite number?
True
Is 24737 composite?
True
Is 49255 composite?
True
Is 3107701 a composite number?
False
Is 1361 prime?
True
Is 37201 a composite number?
False
Is 8173 prime?
False
Is 29947 composite?
False
Is 276321 a composite number?
True
Is 2081 a prime number?
True
Is 206029 prime?
False
Is 97627 a composite number?
True
Is 423481 a composite number?
False
Is 52729 a prime number?
False
Is 84433 a composite number?
True
Is 150619 a composite number?
True
Is 13667 a composite number?
True
Is 144103 a composite number?
False
Is 761861 composite?
False
Is 3254 composite?
True
Is 99265 prime?
False
Is 6749 composite?
True
Is 422621 a composite number?
False
Is 1397 a composite number?
True
Is 937 prime?
True
Is 13917 prime?
False
Is 395 prime?
False
Is 72347 a composite number?
True
Is 1101071 prime?
True
Is 5755 a prime number?
False
Is 19661 composite?
False
Is 11399 prime?
True
Is 53797 a composite number?
True
Is 3701777 a prime number?
False
Is 5209 a prime number?
True
Is 88069 prime?
True
Is 5267 composite?
True
Is 5953 prime?
True
Is 140359 composite?
True
Is 310307 composite?
True
Is 294461 prime?
True
Is 535117 a prime number?
False
Is 2403301 composite?
False
Is 10315 a composite number?
True
Is 3989 prime?
True
Is 18679 prime?
True
Is 11053 a prime number?
False
Is 18947 composite?
False
Is 1083707 a composite number?
False
Is 583 a prime number?
False
Is 72805 a prime number?
False
Is 3907 a prime number?
True
Is 166981 composite?
True
Is 301577 prime?
True
Is 89169 a composite number?
True
Is 1293 prime?
False
Is 25903 prime?
True
Is 1039 a prime number?
True
Is 78259 prime?
True
Is 9157 prime?
True
Is 32477 composite?
True
Is 74281 a prime number?
False
Is 2999 a composite number?
False
Is 174809 prime?
False
Is 26327 prime?
False
Is 7531 a composite number?
True
Is 23179 composite?
True
Is 19253 prime?
False
Is 2941 composite?
True
Is 2183 composite?
True
Is 765659 a prime number?
True
Is 25523 composite?
False
Is 3755 prime?
False
Is 40099 a prime number?
True
Is 15206 composite?
True
Is 22877 prime?
True
Is 215003 prime?
False
Is 4447049 a prime number?
True
Is 79031 a prime number?
True
Is 29629 a prime number?
True
Is 451307 a composite number?
True
Is 6469 a prime number?
True
Is 947 prime?
True
Is 41579 composite?
False
Is 690439 a composite number?
False
Is 7631 a composite number?
True
Is 469058 a prime number?
False
Is 9115 composite?
True
Is 183637 composite?
False
